**3 - 3*u**2 + 3*u - 4. Let i be l(-4). Suppose 0*a - 5*a = i. What is the tens digit of 9 - ((a - 1) + -2)?
1
What is the tens digit of (-2014)/(-7) - -3*(-8)/(-84)?
8
Let y be 18/(-6) + 342/(-1 - -3). Suppose 3*s = -3*a + y, 5*s - 220 = -4*a - 0*s. What is the tens digit of a?
6
Let p(w) = 4*w**3 - 2*w**2 + 4*w - 1. Let o be p(3). Suppose -5*c + 174 = -o. What is the tens digit of c?
5
Let p(y) = -y**3 + 5*y**2 - 9*y + 10. Let r be p(7). Let b = r - -217. What is the units digit of b?
6
Let a = 69 - 26. Let t = a - 21. Suppose q + 2 - 55 = -3*k, 2*k - t = 2*q. What is the tens digit of k?
1
Suppose -615 = -7*n + 981. What is the units digit of n?
8
Suppose -b + h - 3 = 0, 3*b + 0*h - 16 = -2*h. Let u = b - -12. Suppose 0 = u*k - 10*k - 96. What is the units digit of k?
4
Suppose z + 40 = 2*t - 4, 5*t + 4*z = 136. Suppose v - 4*l = -19, 1 = 5*l - t. What is the units digit of -7*v*(8 - 10)?
4
Let v be 396/(-8) - (-2)/4. Let l be (-7)/(v/(-12))*-7. Suppose -15 + l = -p. What is the units digit of p?
3
Suppose -u - w = -4*w + 588, 2284 = -4*u - 5*w. Let a = u - -834. What is the units digit of a?
8
Let y(v) = 5*v + 57. What is the units digit of y(9)?
2
Suppose -15326 = -6*i - 2768. What is the units digit of i?
3
Suppose 3*p + 1025 = 4004. What is the units digit of p?
3
Let l = 36 - 65. Let o = 162 + l. What is the tens digit of o?
3
Suppose 9 = 5*g - 36. Suppose y + b = -5, -3*y + 4*y - 2*b + 11 = 0. Let k = y + g. What is the units digit of k?
2
Let w(r) = 23*r - 12*r - 7 - 22*r. Let h(b) = -b**3 + 5*b**2 - 5*b - 1. Let g be h(4). What is the units digit of w(g)?
8
Let g = -2 - -5. Let c be 1 + -97 + (4 - g). Let j = -61 - c. What is the units digit of j?
4
Suppose 51*j - 46*j - 2530 = 0. Let l = -219 + j. What is the tens digit of l?
8
Let b(r) be the first derivative of r**4/24 + 2*r**3/3 + 3*r**2/2 - 1. Let c(u) be the second derivative of b(u). What is the units digit of c(-2)?
2
Suppose -7*j + 6*j = -26. Let k = j + -25. What is the units digit of k?
1
Let k(g) = 50*g**3 - g**2 + g. Let y be k(1). Suppose -2*b = 3*j + 49, j + 2*b = -15 + 4. Let i = y + j. What is the tens digit of i?
3
Suppose 0 = -0*u + u + 5*d - 13, 11 = -4*u + d. Let m be (u/(2/3))/(-1). Suppose 0*t = m*t - 15. What is the units digit of t?
5
Suppose 5*n - 22 = 3*n - 4*t, -18 = -3*n - 3*t. What is the tens digit of n/((-1)/3) - (-1144)/11?
0
Suppose 1130 = 8*j + 90. Suppose -238 - j = -4*f. What is the units digit of f?
2
Let f = 99 - 221. Let z = f - -233. What is the hundreds digit of z?
1
Let n(v) = -v**2 - 53*v - 302. What is the tens digit of n(-16)?
9
Suppose -4*p + 4*v + 3440 = 0, -5*v + 10*v = -p + 872. What is the units digit of p?
2
Let a be (-4)/(-18) + 14/(-63). Suppose -4*u = -a - 8. What is the units digit of 172/6 + u/(-3)?
8
Suppose -2*b = 5*c - 16, 2*b + 2*b = 5*c + 2. Let s be (4/6)/(c/237). Suppose -s - 57 = -4*v. What is the tens digit of v?
3
Suppose -n - 2*q - 2*q + 20 = 0, -4*n = -5*q + 25. Let c(b) = 7*b**3 - b**2 - 3*b + 2. Let k be c(2). Suppose n*v - k = -4*v. What is the units digit of v?
2
Let k = 71 - 49. Suppose 2*y + 5*c = 28, k = 3*y - c - 20. What is the units digit of y?
4
Suppose -2*o = 8, 3*o = q + 2*q - 9. What is the units digit of 850/100 - ((-3)/(-2) + q)?
8
Let t be 7/(-21)*-9 - 2. Let s(c) = 1 + 1 + 43*c - 1. What is the tens digit of s(t)?
4
Suppose -2*s - 88 = w - 3*w, 2*s + 217 = 5*w. Suppose -2*n - 1 - 5 = 0, w = 2*a + 5*n. What is the units digit of a?
9
Suppose 0 = 2*v - 20. Let t(k) = -k**3 + 9*k**2 + 12*k + 2. Let h be t(v). Let y = -7 + h. What is the units digit of y?
5
Let d be (-3)/(2*(-12)/16). Suppose 0*y - 4*t = y - 41, -d*y - 4*t = -82. What is the tens digit of y?
4
Let z = 25 - 22. Suppose 0*u + 193 = z*u - 5*x, -u + 71 = -5*x. Suppose -o - 2*b = -2*o + 13, 2*o - u = -3*b. What is the tens digit of o?
2
Let t = -17 - -20. Suppose 0 = -4*o + t*a - 7*a + 252, -2*o = 3*a - 123. What is the units digit of o?
6
Let g be (-69)/(-12) - 12/16. Suppose 0 = -g*d + 7*d. Suppose 7*z - 2*z - 55 = d. What is the tens digit of z?
1
Let r = 1 + 1. Suppose v - 8 = t, -r*v - t - 4 = t. Suppose -v*f + 0*f = -9. What is the units digit of f?
3
Let m(j) = -98*j + 16. Let d be m(-4). Suppose l + l = d. Suppose -q - l = -3*w, 6*w = 3*w - 3*q + 216. What is the tens digit of w?
6
Suppose -5*o + d = -13770, -3*o = -6*o + d + 8262. What is the units digit of o?
4
Let k = 2158 - -448. What is the tens digit of k?
0
Let t = -30 - -143. Suppose -c = -v - 0*c + 61, t = 2*v + c. Suppose 5 = 3*r - v. What is the units digit of r?
1
Suppose 0 = -4*c + 2*c. Suppose 21*z - 17*z = c. Let x(i) = -2*i**2 - i + 44. What is the tens digit of x(z)?
4
Let u(y) = 12*y - 106. Let g be u(9). Let n(t) = 1 + 6*t**3 + t**3 - 3 + t - 2*t**2. What is the units digit of n(g)?
8
Let g be ((-8)/6 - -2)*3. Let y = -82 - -85. Suppose 5*x = 4*t + 2*x - 257, -127 = -g*t + y*x. What is the tens digit of t?
6
Suppose 4*c = -4*i + 256, 0 = -3*i + 6*i - 4*c - 192. Suppose 4*t = -2*u + 28 + i, -4*t = -2*u - 84. Let l = t + -5. What is the units digit of l?
7
Let j(w) = w**2 + 3*w + 6. Let h be j(-4). What is the units digit of (24/h)/((-4)/10*-1)?
6
Let q = 244 - 113. Let b = q - 47. What is the tens digit of b?
8
Suppose -4*x - 82 = 186. Let f = x + 111. What is the units digit of f?
4
Let f be (-92)/(-28) - (-4)/(-14). Suppose j + f*k - 153 = -2*j, 0 = -j - 3*k + 53. What is the tens digit of j?
5
Suppose -869 + 19074 = 5*o. What is the tens digit of o/55 + 8/10?
6
Suppose 4 = h + 2. Suppose -y = 2*p + h + 1, 0 = -4*p. What is the tens digit of (y/(-1) - -16) + 1?
2
What is the hundreds digit of 3 + (-614845)/(-280) + (-2)/(-16)?
1
Let a(s) = 4*s**2 + 2*s + 27. Let k(r) = 5*r**2 + 2*r + 27. Let m(x) = 3*a(x) - 2*k(x). What is the units digit of m(-9)?
1
Let s(j) = 27*j**2 - 114*j - 1. What is the hundreds digit of s(13)?
0
Let i(f) = 5*f - 4. Let g be (-21)/(-9)*3/1. Let m be i(g). Suppose 71 = 3*d - 2*s, 0 = 4*d - s - 124 + m. What is the tens digit of d?
2
Suppose 0 = -4*l + 3*x, -2*x - 1 = -4*l + 3. What is the units digit of 37*(-1 + l + -3 + 2)?
7
Suppose -482 = -7*g + 1. What is the tens digit of g?
6
Let u(w) = -4 - 10 - 3 + 7*w - w. Let v be u(13). Suppose -5*t = -3*q + v, -6*q = -3*q - t - 41. What is the units digit of q?
2
Suppose -5*a = -r - 10965, a + 0*a - 2174 = 4*r. What is the thousands digit of a?
2
Suppose p - 2*v = 0, 4*v = -4*p + 2*p + 16. Suppose -p*b - 327 = -7*b. What is the hundreds digit of b?
1
Suppose -38*w + 39*w + 3*m - 1117 = 0, -5*w = 5*m - 5555. What is the tens digit of w?
0
Suppose -5*u = -2*f + f - 880, -3*f + 15 = 0. What is the units digit of u?
7
Let i(b) = 32*b + 84. What is the hundreds digit of i(33)?
1
Let x = 12 + -4. Let s(n) = 3*n**3 + 9*n**3 + 4 + 8*n**2 - 13*n**3 + 4*n + 3*n**3 - 3*n**3. What is the tens digit of s(x)?
3
Suppose -o + 19 = -21. Suppose 215 = g + o. What is the units digit of g?
5
Let a be ((-3)/((-6)/(-4)))/((-2)/8). What is the tens digit of a/(-14) - (-2508)/28?
8
Let f be 24/12 - (-2)/(-1). Suppose 2*o - z - 266 = f, -5*o - 226 = -3*z - 891. What is the units digit of o?
3
Let v(k) = -9*k - 13. Let p(i) = -13*i - 20. Let j(b) = -5*p(b) + 7*v(b). Let s(n) = 49*n + 151. Let a be s(-3). What is the tens digit of j(a)?
1
Let b(f) = f**3 - 5*f**2 + 4*f + 5. Let r be b(4). Suppose -5*c - 151 = 2*h - 3*h, -r*c + 3*h = 143. Let s = 41 + c. What is the tens digit of s?
1
What is the tens digit of (-8)/44 + 0 + (-4296)/(-33)?
3
Suppose 7290 + 17580 = 10*f. What is the tens digit of f?
8
Let a = -3123 + 6728. What is the tens digit of a?
0
Suppose -p - 4*i + i = -6, 0 = p - 3*i. Suppose 3*d = 6*g - 2*g - 580, 0 = p*g + 4*d - 435. What is the tens digit of g?
4
Let p(y) = y**2 - 4. Let r be p(-2). Suppose 6 = 2*z - r. Suppose 0 = 2*g - 5*f + 2*f - 62, z*f - 12 = 0. What is the units digit of g?
7
Suppose -4*u - 25 = -9*u. Let w be (-16)/(-6) - (-6)/(-9). Suppose w*s + u = z, -6*s - 5 = -z - s. What is the units digit of z?
5
Let m(s) = 16*s**3 + 3*s**2 - 3*s - 3. Let w(y) = y**2 - y - 1. Let f(d) = -m(d) + 2*w(d). Let z be f(-1). What is the units digit of (-4)/(-6) + 245/z?
7
Let q = 9 + -5. Suppose -4*a = -q*x - x - 321, 0 = -3*x - 15. What is the tens digit of a?
7
Suppose 2*l - 7*l - 5*u + 15 = 0, -4*l